digit of k?
1
Let m be 5 - 9 - (-1 + 10). Let a(o) = o**3 + 12*o**2 - 14*o - 5. What is the units digit of a(m)?
8
Let q be 0*2*(-4)/24. Let c(h) = h**3 - h + 21. What is the tens digit of c(q)?
2
What is the tens digit of (33/3)/((-1)/(1*-40))?
4
Let y = -13 + 17. Let z = -4 + y. Suppose z - 2 = -c, -c = -3*w + 22. What is the units digit of w?
8
Suppose -27225 = -2386*o + 2381*o. What is the thousands digit of o?
5
Let m be 2/(-8) - 925/(-4). Suppose -27 = 4*k - m. Suppose 0 = 4*h - k + 19. What is the units digit of h?
8
Suppose 0 = 4*y - 2*o - 67 - 5, -3*o = y - 4. Suppose y*m = 21*m - 350. What is the tens digit of m?
7
Let x(k) = k**3 - 3*k**2 - 3*k - 2. Let d be x(4). Let j be -5*(0 - -7 - d). What is the units digit of 8/10*j/(-10)?
2
Let v(z) = -z**3 + 4*z**2 - 2*z. Let a be v(3). Let p(s) = 0*s - a - 2*s + 2 + 8*s. What is the tens digit of p(4)?
2
What is the tens digit of (-41 + -5)*488/(-16)?
0
Let w be 2/3 + 13/3. Suppose -4*f + 82 = -0*l + l, -5*l = -w*f - 410. What is the tens digit of l*3/18*3?
4
Suppose -4 = -r + d + 3, -d = 2*r + 1. Let c be -3 + 9 + -6 + r. What is the units digit of (7 - (-2 - c))/1?
1
Suppose -16*w + 6102 = -7*w. What is the tens digit of w?
7
Suppose -4*s = 4, -3*q - s = -73 - 1. What is the units digit of q?
5
Let b(g) = g - 4. Let m be b(9). Suppose -m*k + 7 + 3 = -5*v, -3*v = k - 14. Suppose 0*q = c + q + 1, -2*q + 4 = k*c. What is the units digit of c?
2
What is the thousands digit of ((-4606)/35)/7*-185 - 0?
3
Let f = 5 + -5. Suppose 4*q - 4*r - 40 = f, -q - 5 = -3*r - 23. Suppose 30 = n + q. What is the units digit of n?
4
Let o(p) = 225*p - 9. Let t be o(2). Suppose 5*n - 542 = -3*d, -2*n + 5*d = 2*n - t. What is the hundreds digit of n?
1
Let a be -12*(-4 - (-5)/5). Let s = a - 17. What is the units digit of s?
9
Suppose 0 = 4*w + t - 901, -w = -0*w - 5*t - 199. Suppose 4*j = -0*k - k + w, 5*j + 3*k - 287 = 0. What is the tens digit of j?
5
Let z(p) = 4*p - 13. Let x be z(4). What is the units digit of 54 - 1*x/(-1)?
7
Suppose 0 = -7*h + 2*h + 40. Suppose -7*f + h*f - 5 = 0. Let y(v) = v**3 - 3*v**2 - v - 3. What is the units digit of y(f)?
2
What is the units digit of 3 - -414 - (2 + 3)?
2
Let f(i) = -i**3 + 5*i**2 + 3*i + 4. Let k(c) = c**2. Let d(w) = -f(w) + 3*k(w). What is the tens digit of d(6)?
2
Let x(g) be the third derivative of g**6/120 + g**5/12 - g**4/8 - 7*g**3/6 - 3*g**2. What is the units digit of x(-5)?
8
Let j be 2/8 + -1*105/4. Let x = j + 257. What is the tens digit of x?
3
Let v = 50 + 660. What is the hundreds digit of v?
7
Suppose -5*j - 28 = -j. What is the units digit of (0/(-2) + -34)*j/14?
7
Suppose 0 = 105*z - 2292 - 2748. What is the units digit of z?
8
Let f(u) = -u**2 + 4*u - 3. Let g be f(3). Suppose g = 9*n - 12*n + 45. What is the units digit of n?
5
Let m be (3 - 135)*1/(-3). Suppose 7*z - m = 124. What is the units digit of z?
4
Let r = 233 - -1264. What is the thousands digit of r?
1
Suppose 19 - 3 = 4*m. Let w(z) = -z + 2. Let a be w(m). Let v(i) = -2*i. What is the units digit of v(a)?
4
Suppose 40 = 5*u - 10. Suppose 7*b = u*b - 30. Suppose 0 = t + t - b. What is the units digit of t?
5
Let m = 13 + -8. Suppose z = -m*z + 90. What is the tens digit of z?
1
Let f be ((-10)/4)/(8/16). Let l(b) = 4*b**2 + b + 12. What is the tens digit of l(f)?
0
Let l(t) = 15*t - 17. Let u = 23 - 15. What is the units digit of l(u)?
3
Let n = 314 - -81. What is the hundreds digit of n?
3
Let j = 111 - 34. Let l = 167 - j. What is the units digit of l?
0
Let r(n) = 2*n - 13. Let b be r(8). Suppose 0*z - 12 = -b*z. Suppose -3*p + 37 = z*v, -3*v = -5*p - v + 27. What is the units digit of p?
7
Suppose -15*i + 20*i = -45. Let f be (-30)/i*12/10. Suppose f*k - 245 - 19 = 0. What is the units digit of k?
6
Let z(u) = -8*u - 17. Let y = 1 + -12. What is the units digit of z(y)?
1
Let n(f) = f**3 - 4*f - 3. Let o be n(-2). What is the units digit of 4/((-6)/(-9)*o) - -39?
7
What is the hundreds digit of (-6)/(-13) - 169218/(-91)?
8
Suppose 0 = 3*v + 3*a + 30 - 0, -3*v = 4*a + 32. Let o = 19 + v. What is the tens digit of o?
1
Let m(g) = -g**3 + 3*g**2 - 12. Let f be m(-5). Suppose 0 = -5*n + 2 + f. What is the tens digit of n?
3
Suppose -2 + 1 = -r - 2*u, 3 = 2*r + 5*u. Let t be ((-37)/3)/(r/(-3)). Let q = -25 - t. What is the tens digit of q?
1
Let x = 4673 + -3105. What is the hundreds digit of x?
5
Let d(x) = -8*x**2 - x - 18. Let c be d(12). Let h be c/4*8/12. Let a = -138 - h. What is the units digit of a?
9
Let d = -3 + 4. Let x(q) = 6*q + 11*q + 3*q - 1. What is the tens digit of x(d)?
1
Suppose -2*d = 5 - 13. Suppose n = -d*v + 6*n - 119, -4*n + 16 = -v. Let z = -14 - v. What is the units digit of z?
2
Let b(o) = 8*o - 7. Let c be b(3). Suppose 0 = -2*n - c + 69. What is the units digit of n?
6
Suppose 5*c - 2464 = -2*x, c + 2*x + 11 = 507. What is the tens digit of c?
9
Let t(p) = -10*p - 1. Suppose 1 = -4*d - 3. Let v be t(d). Suppose 5*z = -3*h - v, -3*z - 4 = -4*h + 13. What is the units digit of h?
2
Suppose 129 = 5*h - 2*v, 0 = -v + 2*v - 3. Let o = h - 11. What is the units digit of o?
6
Suppose -3*i - 4*z + 472 = 0, 4*i - 3*z - 384 = 237. What is the units digit of i?
6
Suppose 7 - 1 = 6*l. Let c be (4 - 4) + l - -4. Suppose -c*t = -0*t - 75. What is the tens digit of t?
1
Suppose 5*w - 7*t = -3*t + 11, 3 = 3*t. Let r be 3 + -7 + 3 + w. Suppose 5*k - 5 = r*x, -x - 2*x + 20 = -2*k. What is the units digit of x?
0
What is the tens digit of 153/6*((-3962)/(-42) - -3)?
8
Suppose -64800 = -44*w - 16*w. What is the tens digit of w?
8
Let i = -268 - -386. Suppose 2*g + 2*v = 196, 0 = -g - 4*v + 7*v + i. What is the units digit of g?
3
Suppose 4*u = 274 - 70. Let h = 6 - -14. Suppose -u = -x - h. What is the units digit of x?
1
Let x(m) = -m + 9. Let n be x(7). Suppose g - 5 - n = -a, 2*g - 12 = -a. Suppose -t - 7 = -3*k, -2*t - g*k + 13 = -3*t. What is the units digit of t?
2
Let k(f) = -2*f - 61 - 57 + 178 - 58. Let h = 12 + -25. What is the units digit of k(h)?
8
Let z = 829 - 712. What is the tens digit of z?
1
Let j(h) = h - 2. Let l be j(5). What is the hundreds digit of 9*((-260)/(-40))/(l/8)?
1
Let z(l) = 2*l - 7. Let b be z(5). Suppose -b*m = 7 - 52. Suppose 0 = h + 4*k - 79, -3*k + m = -0*k. What is the tens digit of h?
5
Suppose -5*v + 14 = -1. Suppose -v*q = -b - b + 362, 4*b - 3*q = 724. What is the units digit of b?
1
Let x(u) = 47*u**2 + 4*u - 15. What is the tens digit of x(-7)?
6
Suppose -3*v = -4*v - 1, 5*m - 20 = -5*v. Let g(j) = j**3 + 2*j**2 - 6*j + 11. What is the hundreds digit of g(m)?
1
Let n be (1 - -1) + 8/1. Let c be (3 + -8 - -4)/((-1)/70). What is the units digit of (3*1)/(n/c)?
1
Suppose -6*v = -5*v - 5. Suppose -v*n = -n. Suppose q - 3*z - 26 = n, q - 4 - 27 = -2*z. What is the tens digit of q?
2
Let t = -240 - -742. What is the units digit of t?
2
Let w = 95 + -3. Let u be w/9 - (-14)/(-63). Suppose 0*v + 2*n + 8 = 5*v, 4*n = -3*v + u. What is the units digit of v?
2
Suppose 0 = c + 2 - 12. Suppose 2*v - 3*n + 7 = -2*v, -c = -2*n. Suppose v = -f + 15. What is the tens digit of f?
1
Let i = 159 + -127. What is the units digit of 2*(1/2)/(8/i)?
4
Suppose 7 = 5*b - 18. Suppose -b*p + 49 = 4. What is the units digit of p?
9
Suppose 0 = -r + 9*r - 32. What is the tens digit of (32/(-40))/(r/(-230))?
4
Let q(t) = -t - 27. Let u be q(0). Suppose 3*c - 7*c = -5*y - 41, 3*c = 2*y + 15. What is the tens digit of 86/6 - y/u?
1
Suppose -3*c + 1039 = 2*v, 4*v + 4*c - 2*c - 2066 = 0. Suppose 10*d - 5*d = v. What is the tens digit of d?
0
Let a = -129 - -907. What is the tens digit of a?
7
Let j(c) = -4*c - 3. Let z = 6 - 10. Let i be j(z). Suppose 0 = 4*m - 77 + i. What is the tens digit of m?
1
Let y = 294 + -156. Suppose 0 = 4*i - 7*i + y. What is the units digit of i?
6
Suppose -2*r - w - 1 = -23, 13 = r + w. Suppose 4*c - 21 = -r. Suppose -5*f + 145 = -u, c*f - 5*f + 3*u + 58 = 0. What is the tens digit of f?
2
What is the tens digit of ((-3959)/(-74))/((3 + -7)/(-208))?
8
Let d(v) = -4*v + 3. Let q be d(2). What is the units digit of (q/((-60)/(-16)))/((-6)/9)?
2
Suppose 4*t = 29 - 1. What is the tens digit of 872/14 + (-2)/t?
6
Suppose 627 = -3*k + a, -3*a = -3*k - a - 624. What is the units digit of (k/(-20))/((-2)/(-4))?
1
Suppose -4*z = -0*d -